((-1362)/t)/z - 3 a prime number?
False
Is 75093 + (-1)/(5/70) prime?
True
Let m be 10/3*(-156)/(-13). Suppose 20 = 4*l - m. Let n(o) = 14*o + 43. Is n(l) a prime number?
False
Let w = -540206 + 1174573. Is w a prime number?
True
Let j(g) = -2*g**2 + 13*g + 28. Let r be j(8). Suppose 0 = 3*n - r*p - 11967, 23*n + 5*p = 19*n + 15956. Is n prime?
True
Let f = 42918 + -23771. Is f a composite number?
True
Suppose -31*y + 30*y - 8979 = -2*m, 5*m - y - 22458 = 0. Is m a composite number?
False
Let c be (-4 + (-3256)/(-8))/((-2)/(-140)). Suppose -5*n = -5*f - 2*n + c, -3*f + 3*n + 16932 = 0. Is f composite?
False
Let i = 7975 - 5510. Suppose 23*c - i = 11036. Is c a prime number?
True
Is (27994/(-4)*-13)/((-39)/(-78)) a composite number?
True
Suppose f - 2522 + 142 = -4*p, 0 = 2*f - 5*p - 4721. Suppose 7*q - 6375 = f. Is q a composite number?
False
Let t(v) = v**3 + 10*v**2 - 9*v + 26. Let a be t(-11). Suppose 18 = -4*r - 5*w, r - 4*w = -a*r - 2. Is (-21 - -2099)/(1/((-1)/r)) a composite number?
False
Let a = -149 + 152. Suppose -n = 4*f - 4347, -5430 = -5*f - 8*n + a*n. Is f a composite number?
False
Suppose 6*v + 1468 + 1664 = 0. Let b = -103 - v. Is b prime?
True
Let f(p) = 234094*p**2 + 15*p + 15. Let w be f(-1). Is (w/(-230))/((-2)/10) prime?
False
Let q = -1187 + 3900. Suppose 5007 = 8*c - q. Let o = c + -226. Is o prime?
True
Let a be 40/(-2)*12/30. Let s(o) = 2*o + 19. Let b be s(a). Suppose 2*c - 5*q - 1823 = 0, -b*c + 0*c = 4*q - 2769. Is c a prime number?
True
Let a = -793 + 1258. Let b(c) = -c + 4. Let q be b(-4). Suppose -5*f = -q*f + a. Is f a composite number?
True
Let l be (-1472)/(-8)*(-1)/(2/(-409)). Suppose -4*j + 8208 = -l. Is j composite?
True
Let h = -117866 + 169725. Is h a prime number?
True
Suppose 0 = 5*a + n - 25036, -2*n - 2*n = 3*a - 15008. Suppose -25807 = -5*k + a. Is k a prime number?
True
Let b = 146281 + -48510. Is b prime?
True
Suppose -3*l + 458514 = 18*l. Suppose -11*v + l = -5*v. Is v prime?
False
Suppose 33 = -6*q + 39. Is (2 - 1)/(q - (-876)/(-879)) a composite number?
False
Let w(k) = 87*k + 151. Is w(40) a composite number?
False
Suppose -4*h + 4257 = 4*u - 9*h, 2*u = -h + 2111. Suppose 4596 + u = 22*p. Is p a prime number?
True
Let r = 54 - 50. Suppose 5*w - 3*s = 40715, -27373 = -r*w - 5*s + 5162. Suppose -7895 = -5*h + w. Is h composite?
True
Let a(d) = d**3 - 7*d**2 - 16*d - 7. Let q(c) = 2*c**3 + 6*c**2 + 5*c - 8. Let w be q(-4). Let j be ((-2)/(-5))/((-2)/w). Is a(j) a prime number?
True
Suppose 2*l - 1122 = -4*l. Suppose -c + 661 = 3*u, -4*u = c - l - 470. Is c a prime number?
True
Suppose -6*u + 12195 = -456351. Is u a prime number?
False
Let g = 59 - 54. Let i(j) = -j**3 - 11*j**2 - 15*j - 8. Let m be i(-10). Suppose 4*k - 1236 = -4*x, -4*x + m = g*k - 1499. Is k composite?
True
Let g(n) = -664*n + 664*n - 17*n**2. Let u be g(-5). Let h = u - -766. Is h prime?
False
Suppose 13*j + 42197 = 661114. Is j a composite number?
False
Suppose -4*t = 5*d - 206, 6*t + 2*d - 102 = 4*t. Suppose t*i - 31*i - 92538 = 0. Is i prime?
False
Let x(o) = 101*o**2 + 9*o - 33. Suppose 4*s - 1 = 7*s + 4*z, 13 = s - 2*z. Is x(s) a composite number?
True
Let b = 12251 + 23478. Is b a prime number?
True
Let z(g) = g**3 - 6*g**2 + 5*g + 2. Let t be z(5). Suppose -5*j - 5*p = -22800, j + j - t*p = 9116. Is j a prime number?
False
Suppose -3*w = 5*i - 2*w - 80, 2*i + 3*w - 32 = 0. Suppose -i = 6*l - 8*l. Is (-28)/l*(1 - 35) composite?
True
Let k be (1 - 2)/(1/1054). Let q be -78*(-14 + (-1131)/(-26)). Let a = k - q. Is a composite?
True
Is 344026/37 - 1/((-3)/9) prime?
False
Let w be 210611/1 - (-12 - -11). Is (-4)/12*w/(-4) composite?
False
Let r(s) be the first derivative of -12*s**2 - 10*s - 13. Let h be r(15). Let g = h + 1249. Is g a prime number?
False
Let q(l) = -1547*l - 2630. Is q(-87) a composite number?
False
Suppose -5*m + u - 8555 = 0, 4*u - 6843 = 4*m + 3*u. Let k = 2116 + -3241. Let b = k - m. Is b composite?
False
Let u = 444359 - 53476. Is u composite?
False
Let g be -2*2/4 - 2. Let i(o) = 24*o**2 - o + 2. Let y be i(g). Let s = 742 - y. Is s a composite number?
False
Let t(a) = 7*a**3 + 3*a**2 - 56*a - 169. Is t(20) composite?
True
Let r(f) = 11825*f**3 + 4*f**2 - 3*f + 1. Is r(3) prime?
False
Suppose 120*w - x + 544183 = 122*w, 5*x = -15. Is w prime?
True
Let t(g) = g**3 + g**2 + g + 4. Let z be t(6). Suppose -z = a + 428. Let c = a + 1177. Is c a composite number?
False
Suppose 34*r - 10233741 = -2149187. Is r prime?
True
Let k(p) = 17*p**2 - 8*p + 30. Let w be k(4). Let s = w + -13. Is s composite?
False
Suppose 4*s - 199743 = 5*k + 12188, -4*k = 12. Is s prime?
False
Let a(r) = 55*r**2 - 5*r - 7. Suppose 3*x - y = -23, 2*x - 2*y + 10 = -0*x. Let t = 7 + x. Is a(t) composite?
False
Suppose 85*b = -67*b + 22*b + 9596470. Is b composite?
False
Suppose 1166 = -4*q + 28168 + 19194. Is q prime?
True
Suppose 22*q + 304297 = 27*q - z, 2*z + 304299 = 5*q. Is q a prime number?
True
Let g(b) = -21647*b + 1151. Is g(-4) prime?
True
Let i(z) = -z**3 + 22*z**2 + z - 28. Let t be i(22). Let v be (4 + -2)*(-16815)/t. Suppose -d = -0 - 3, 3*d = 2*y - v. Is y a composite number?
True
Suppose 15*v + 616 = 22*v. Let k = v - 80. Suppose -k*j = -6*j - 2746. Is j composite?
False
Let k be (-11 - 3)*2*12/14. Let g(p) = 83 - 3*p - 12*p - 13*p. Is g(k) a composite number?
True
Suppose 0 = -y - y - 3*i + 535, 4*y = -3*i + 1073. Let v(o) = 2*o**2 - 5. Let q be v(-2). Suppose q*f - 286 = y. Is f a composite number?
True
Suppose 0 = -301*y + 295*y + 5262. Is y a composite number?
False
Let f = 10681 - -82980. Is f a composite number?
True
Suppose h + 72 = 74. Suppose -2*i + 21316 = -h*f, -16 - 9 = -5*f. Is i prime?
True
Let q(w) = 1041*w**2 - w + 2. Let l be (-126)/(-45)*5/2. Suppose -3*k + 19 = 4*s, 3*s + l = 19. Is q(k) a prime number?
False
Let d be (-3*1)/((-6)/81518). Suppose -s + 8175 = -5*q, -7*s - 4*q = -2*s - d. Suppose -3*x - s = -8*x. Is x a composite number?
True
Suppose -4*k + 957281 = 3*g, -11*g - 4*k = -10*g - 319083. Is g a composite number?
True
Suppose -3*y + 3*j = 124992, -2*j = -16*y + 13*y - 124988. Is y/(-8) + -5 + (-18)/(-4) composite?
True
Suppose 20*s = 19*s + 11. Let f be (s - -1)/(-3) + -306. Let c = f - -608. Is c composite?
True
Let f be (-2 - 3)/((-13)/(-130)). Is (-244008)/(-10) + 340/f + 7 composite?
True
Let f = 2540 - 2391. Let z(s) = -2*s**2 - 8*s + 12. Let r be z(-9). Let n = f + r. Is n composite?
False
Let k = -529620 - -755789. Is k prime?
True
Let g = 215 - 971. Let q = g - 125. Let v = q + 2254. Is v a prime number?
True
Suppose 37744969 = -194*m + 235*m. Is m composite?
False
Suppose -3*u - 3 = 0, 0 = -3*j + 4*u - 17 + 78. Let z(n) = 5*n**2 - 25*n + 69. Is z(j) prime?
True
Let i(h) = h - 13*h - 1 - 3*h**2 + 6*h + 2*h**2. Let g be i(-6). Is 0 + 560 - 3/g composite?
False
Suppose -2 = 2*r, -r - 46 = 5*o - 2*o. Let d be -2 - 6*(-10)/o. Let t(s) = -s**3 - 4*s**2 - 12*s + 1. Is t(d) a prime number?
False
Let y be -5*(-2)/5 + 6448. Let x = -3841 + y. Is x prime?
True
Suppose 5*j + o + 37 = 0, 2*o + 3 = 9. Let i be (-5)/(-3) + j/12. Is 47 - -33 - i/(1/(-3)) a prime number?
True
Let w(s) = 1723*s**2 - 3. Let l be w(-2). Let o = l + -4646. Is o a prime number?
True
Suppose -96750 = 2*i + 7*i. Let l be 15*(i/(-15) - 4). Is (-20)/130 - l/(-26) a composite number?
True
Suppose -x + 10723 = -0*w + 3*w, -3*w = 4*x - 42892. Is x a composite number?
False
Let p be (7 - 7) + -3 - 13. Let b(g) = g**3 + 23*g**2 - 2*g - 91. Is b(p) prime?
True
Let d = -19 + 22. Let l be -2*(-1 + 2) + d + 1027. Is (l/6 + 0)*24/16 a composite number?
False
Suppose 176*p - 235*p + 4556983 = 0. Is p a composite number?
False
Suppose -5*o = -1534 - 806. Let j be (137/3)/(5 + (-16)/3). Let f = j + o. Is f composite?
False
Let p(o) = 11236*o**2 + 34*o - 43. Is p(8) composite?
False
Let b(h) = -301*h + 14. Suppose -y - f = 12, 0 = y - f - 0*f + 6. Let a be b(y). Let n = a - 1500. Is n a composite number?
False
Suppose 2*n = 5*t - 62, 4*n = -6*t + t - 64. Let f be (-14)/n - (-20)/6. Suppose 2*k - 7*k + f*d = -5801, -3*d = -3*k + 3483. Is k a prime number?
False
Let m = 28642 - -112335. Is m a composite number?
False
Suppose 14*v + 12 = 17*v. Suppose 3*k - 13446 = -3*i, -2*k + 6863 - 24821 = -v*i. Is i a composite number?
True
Let h = 